 = 7*s**3 + 28*s**2 - 6*s + 30. Let z(y) = 8*j(y) + 5*o(y). Calculate z(-9).
2
Suppose 6*n = 3*n + 75. Suppose -29*i = -n*i - 16. Suppose -5*u = 39 - i. Let t(s) = -s**3 - 6*s**2 + 7*s. Calculate t(u).
0
Let h(d) = 14 + d + 0*d - 3. Let c(p) = p + 1. Let m(i) = 5*c(i) - h(i). Let f = -141 + 145. Determine m(f).
10
Let v(w) = -3*w**2 + 4*w + 12. Let r(z) = -5*z**2 + 5*z + 19. Let d(n) = 5*r(n) - 8*v(n). Suppose 0 = -2*f - 19 + 7. Give d(f).
5
Let x(j) = -j - 5. Let i(h) = -2*h**2 - 6*h - 14. Let d be i(-2). Let z be (10/(-8))/((-5)/20). Let b = z + d. Calculate x(b).
0
Let h(m) be the first derivative of m**3/3 - 8*m**2 + 17*m + 256. What is h(15)?
2
Let v(n) = 6*n - 10. Let a be v(2). Let l(x) = 3*x**2 + 4 - 6*x + 4*x**2 - 6*x**a. What is l(6)?
4
Let r(c) = -3*c**3 - 2*c**2 + 4*c - 2. Suppose 919*b = 935*b - 16. Give r(b).
-3
Suppose -2*i + r + 15 = 0, -2*i - 2*i + 36 = -4*r. Suppose i*m = 2*m - 3*z - 5, 3*m + 5*z - 10 = 0. Let y(f) = f**2 + 4*f - 4. Give y(m).
1
Let n(p) = -p**3 + p**2 - p - 6. Suppose -215*g - 9 = -212*g. Let t be g + 0 - (2 - 5). Calculate n(t).
-6
Suppose 5*q - 6 = 2*h, -2*q - 9 = -17. Let u(k) = 11*k - 67. Calculate u(h).
10
Let f(v) = -3*v**3 + 2*v - 1. Let o(q) = 33*q - 20*q - 14*q + 3. Let j be o(2). Calculate f(j).
-2
Let a(t) = 463 - 927 + 7*t + t**2 + 463. Let d be 3/(-2)*2 - 0. Let o(i) = i**2 + 8*i - 1. Let s(n) = d*a(n) + 2*o(n). Give s(-5).
1
Let w(z) be the third derivative of 5*z**4/24 + 35*z**3/2 + 17*z**2 + 5*z. What is w(-22)?
-5
Let t(j) = -2*j - 12. Let b(d) = 5*d + 31. Let y(g) = -3*b(g) - 7*t(g). Calculate y(15).
-24
Suppose 4*u + 31 = 3*r - 4*r, 23 = -2*u - 3*r. Let l(f) = f**3 + 7*f**2 + 2*f + 6. What is l(u)?
-8
Let g(q) = 4*q**3 + 16*q**2 - 16*q - 5. Let j be g(-5). Let b(i) = i**2 + 22*i - 81. Determine b(j).
-6
Let s(h) = 4*h**3 + h**2 - 8*h + 3. Let j(a) = -3*a**3 + 7*a - 3. Let q(w) = 5*j(w) + 4*s(w). Suppose 3*z = 5*z + 8. Determine q(z).
-15
Let r(j) = -5*j**2 + 33*j - 10. Let i be r(6). Let g(l) = -l**3 + 8*l**2 + 3. Determine g(i).
3
Let l(k) = 2*k - 3. Let f(s) = -11*s - 4. Let x(n) = 5*n + 2. Let u(c) = 3*f(c) + 7*x(c). Let z be 3 - 2/4*4. Let y be u(z). Determine l(y).
5
Suppose -2*r + 2*o = 3*r + 74, -r = -o + 16. Let q be (r - -14) + 2*1. Let j(x) = -7*x + q - 3 + 2*x + x. Calculate j(2).
-9
Let k(l) be the second derivative of -1/12*l**4 + 3/2*l**2 + 0 - 2/3*l**3 + 5*l. What is k(-5)?
-2
Let s(k) = -k + 1. Let a(f) = f - 2. Let d(u) = 3*a(u) + 7*s(u). Let g = -2702 - -2703. Calculate d(g).
-3
Let z(m) = -1 + 6 - 2*m + 1 - 26. Give z(-10).
0
Let f(o) = o**3 + 5*o**2 - 7*o - 8. Let y be -8*(21/12 + -1). Determine f(y).
-2
Let c(k) = 5*k - 2 - k - 5*k + k**2 - 3. Let l(w) = w**3 + 18*w**2 - 39*w + 24. Let n be l(-20). What is c(n)?
7
Suppose 14*g + 13 = 97. Let z(v) = v**2 - 8*v + 3. Give z(g).
-9
Let p = -1728 + 1734. Let f(g) be the first derivative of g**2 - 9*g + 1. What is f(p)?
3
Let g(r) = -r**2. Let o(m) = -2*m**2 + 2*m + 9. Let f be o(-2). What is g(f)?
-9
Let u(q) be the third derivative of -q**7/360 + q**6/720 + q**4/24 + 2*q**2. Let t(p) be the second derivative of u(p). Suppose -8*v + 3 = -11*v. Give t(v).
-8
Let y(o) = -2*o + 1. Let s(d) = -d**3 + d**2 + 7*d + 19. Let u(f) = -s(f) - 4*y(f). What is u(0)?
-23
Let v(i) = -i**3 - 7*i**2 + 8*i + 2. Let h be v(-8). Let q(r) = -7*r**2 + 9*r**h - r - 2 + r**3 + r**2. Calculate q(-2).
4
Suppose -4*t + 12 = 4. Let a(f) = -4*f - 1. Let j be a(-1). Let u(p) = -4*p**2 - 6*p**j - 2 + 2*p + 0*p**3 + 7*p**3. Calculate u(t).
-6
Let x(m) be the second derivative of -m**3/6 + 7*m**2/2 + 186*m. Give x(4).
3
Let d = 3 - -3. Let a(u) = -u**2 - 122 + 0*u + 2*u + 124 + 4*u. Determine a(d).
2
Let j(y) = -2*y**2 - 2*y. Let m be j(1). Let h(r) be the third derivative of r**5/60 + r**4/8 - 2*r**2. What is h(m)?
4
Suppose o = 4*o + 9, 5*p - 4*o - 37 = 0. Let d(r) = -52*r - 57*r + 161*r - 54*r + 7. Determine d(p).
-3
Suppose 0 = 8*g + 20 + 28. Let h(n) = n**3 + 6*n**2 - n + 2. What is h(g)?
8
Let y be (-4)/((4/(-2))/(-2)). Let s(z) = 3*z**2 + 3*z + 3. Let n(g) = -7*g**2 - 6*g - 6. Let q(b) = 2*n(b) + 5*s(b). Determine q(y).
7
Suppose -2*b + 3*v + 6 = 0, 6 = v + 2*v. Suppose 4*a = -2*h + 16, -5*h = a - 7 - b. Let m(o) be the second derivative of -o**4/12 + o**2 + o. Calculate m(h).
-2
Suppose 25 = -r + 5*f, 4*r - r + 10 = 2*f. Let l(v) = -v + 4. Let g(x) = 16*x - 4 + 2*x - 9*x - 8*x. Let u(d) = -2*g(d) - 3*l(d). What is u(r)?
-4
Let h(u) be the third derivative of u**6/120 - 3*u**5/20 - 13*u**4/24 - 2*u**3 - 75*u**2 - 5*u. Determine h(10).
-42
Let f be (10/50 - 58/(-10))*1. Let x(p) = -p**2 + 4*p - 1. Give x(f).
-13
Let p be (3/(-12) - 0)*-8. Let w(a) = 1 - a**3 + 1 - 4 - 112*a**p + 110*a**2 + 2*a. Calculate w(-3).
1
Let s(p) = -2*p**2 - 31*p - 2. Let x be s(-14). Let o(n) = x + n - 10 - 10 - 14. Let g = -3 - 2. Determine o(g).
1
Let l be (-3)/12*-2*(13 + -3). Let u(i) = i - 1. Let h(t) = -3*t + 2. Let c(a) = -h(a) - 2*u(a). Calculate c(l).
5
Let m(n) = n**2 + 16*n + 73. Let w be m(-10). Let r(g) = g - 1. Give r(w).
12
Let n(h) = 9*h**2 + 145*h + 5. Let t be n(-16). Let a(y) = -y + 6. What is a(t)?
17
Let x(h) be the second derivative of -1/12*h**4 - 7/2*h**2 + 20*h + 1/6*h**3 + 0. Calculate x(0).
-7
Let a(j) = -24*j - 5. Let k be a(-1). Let w(n) = k - n**2 - 49 + 21 - 7*n + 19. What is w(-8)?
2
Let y(p) = 62 + 61 - 193 + 67 + 2*p. Calculate y(2).
1
Let a(g) = 6*g + 2. Let w(t) = 14*t + 54. Let u be w(-4). What is a(u)?
-10
Let s(m) be the third derivative of 5/24*m**4 + 0*m**3 + 1/60*m**5 - 11*m**2 + 0 + 0*m. Suppose -4*i = v + 25, 0 = -2*i - 2*v - v - 15. Give s(i).
6
Let t(i) = 3*i - 1. Let n = 19 - 15. Let p(w) = -w + 11. Let c be p(n). Suppose -c = 11*k - 4*k. Give t(k).
-4
Let f(c) = 7*c**2 - 12*c + 1. Let z(k) = -3*k**2 + 6*k. Let g(p) = -2*f(p) - 5*z(p). Suppose 54 = r + 49. Give g(r).
-7
Let h(l) be the first derivative of -2*l**2 - 2*l + 12 - 1/3*l**3. Determine h(-4).
-2
Let n be (0 + (-1)/(-2))/(48/(-1728)). Let a(l) = l**2 + 17*l - 19. Calculate a(n).
-1
Let b be 22*(1/1)/(-2). Let p = b - -17. Let f(o) = o**3 - 5*o**2 - 4*o - 3. What is f(p)?
9
Let f(p) = -p + 6*p**2 + 10*p + p**3 - 12*p. Give f(-7).
-28
Let f be (-7)/30 - (-5)/(12 - -3). Let t(v) be the third derivative of 0 - f*v**5 + 4/3*v**3 + 1/12*v**4 - 1/120*v**6 + 11*v**2 + 0*v. What is t(-6)?
-4
Suppose -5*i + 12 = -3*i. Let q be (i/9)/(4/42). Suppose -k + 2*m - q = 0, -4*m = -k - m - 7. Let g(t) = t**3 + 8*t**2 + 8*t + 1. Determine g(k).
-6
Let o(f) = f**2 - 1. Suppose -7*t + 16 = -11*t. Let q(m) = 6*m**2 - m - 4. Let g(u) = t*o(u) + q(u). Calculate g(-1).
3
Let g be (68/(-306))/(-2*8/6). Let l(f) be the second derivative of -g*f**4 - 1/20*f**5 + 0 - f**2 + 1/3*f**3 + 7*f. What is l(-3)?
10
Suppose -292*s = -297*s - 4*x - 14, 4*x + 24 = 0. Let o(k) = -10*k**2 + 26*k - 4. Let v(y) = 2*y**2 - 5*y + 1. Let g(j) = -2*o(j) - 11*v(j). Determine g(s).
-5
Let f be (15/9)/(1*3/9). Let o(d) = d - 1. Give o(f).
4
Suppose 6*b + 3*y + 31 = 2*b, -y = b + 8. Let t(h) be the third derivative of -h**4/24 - h**3 + h**2. Give t(b).
1
Let m(x) be the second derivative of x**7/280 - x**5/60 + x**4/24 - 5*x**3/2 + 10*x. Let s(d) be the second derivative of m(d). Determine s(1).
2
Suppose -2 = -f - 4*j, 3 = -2*f + f + j. Suppose -2*w + 4*w - 6 = 0. Let b(y) = -2*y**w + 2*y**2 + y + 0*y**3 - 4*y**2. Calculate b(f).
6
Suppose 2 = z, 0 - 10 = -2*s - z. Suppose -s*c = -2*c - 8. Let x(u) = -u + c*u - 2*u. What is x(3)?
3
Let x(z) be the second derivative of z**5/20 - 5*z**4/6 + 5*z**3/3 + z**2/2 - 28*z. Determine x(9).
10
Let h(g) = g**2 - g - 5. Suppose -12*d = -20*d. Calculate h(d).
-5
Let i(o) = -o**2 - 4*o - 5. Suppose 7 - 13 = -2*j. Suppose y = -y - b - 9, -j*b - 7 = y. Calculate i(y).
-5
Let g(o) = o**2 + o + 7. Let f be g(0). Suppose -5*t + 22 - 7 = 0. Let x(j) = -3 + 4 - j + t + 0. What is x(f)?
-3
Let o(f) = 4 - 8*f + 48*f**2 - 2*f - 47*f**2. Determine o(9).
-5
Let i(x) be the first derivative of 33*x - 2*x**2 - 42*x - 1 + 0*x**2. Give i(-6).
15
Let l(w) = w**3 + 14*w - 26*w + 0*w + 7*w + 2*w. Suppose 0 = 8*n - 3*n - 15. Give l(n).
18
Let q(y) = -7*y - 4*y + 375 - 419 + 3*y. Give q(-6).
4
Let m(f) = f**2 - f - 5. Let t(r) = -r**2 + 4*r + 21. Let g be t(-3). What is m(g)?
-5
Suppose 36 = -5*i + 